**2 - 7*y + 17. What is f(2)?
-5
Let c(k) = -k - 1. Calculate c(-11).
10
Let s(n) = 13*n + 390. Give s(-31).
-13
Let z(m) = 5*m - 64. Determine z(13).
1
Let d(p) = -p**3 + 15*p**2 + 2*p + 12. What is d(15)?
42
Let u(w) = 3*w**2 + 60*w - 13. Determine u(-20).
-13
Let r(g) = g**2 + 16*g + 65. Give r(-7).
2
Let w(d) = 2*d + 51. Determine w(-15).
21
Let l(p) = -p**3 + 9*p**2 - 16*p + 30. Calculate l(7).
16
Let w(b) = b**3 + 6*b**2 + 4*b - 1. What is w(-6)?
-25
Let c(z) = z**3 - 9*z**2 - 3*z - 9. Calculate c(10).
61
Let u(t) = -t**2 - 10*t - 19. What is u(-6)?
5
Let p(m) = m**2 - 6*m + 6. What is p(5)?
1
Let b(t) = t**3 + 7*t**2 - 8*t + 3. What is b(-8)?
3
Let r(f) = 23*f**3 + 3*f**2 - f - 1. Give r(1).
24
Let d(v) = -v + 13. Give d(29).
-16
Let f(w) = -w**3 - 6*w**2 - 6*w - 12. Determine f(-5).
-7
Let t(l) = -l**2 - 29*l - 77. Give t(-25).
23
Let r(f) = -41*f**3. Give r(-1).
41
Let h(s) = 2*s**2 + 22*s + 13. Give h(-10).
-7
Let w(q) = q**3 - 3*q**2 - q. What is w(3)?
-3
Let v(j) = 3*j**2 - 11*j + 5. Give v(7).
75
Let y(z) = -22*z. Give y(1).
-22
Let g(k) = 2*k + 9. Determine g(-9).
-9
Let d(a) = -a**3 + a**2 + 2*a - 2. Calculate d(2).
-2
Let z(d) = 31*d**2 - 4*d + 5. Give z(1).
32
Let b(j) = -3*j + 9. Give b(-8).
33
Let i(g) = 2*g**2 + 6*g - 4. Give i(-6).
32
Let v(h) = 5*h**2 - 2*h - 1. Calculate v(-2).
23
Let m(l) = -l**2 - 11*l - 30. Calculate m(-7).
-2
Let p(w) = w**3 + 2*w**2 - 4*w + 12. Give p(-5).
-43
Let u(f) = f**2 - 3*f + 2. Determine u(3).
2
Let n(h) = -4*h. What is n(-3)?
12
Let x(i) = i - 13. Calculate x(-9).
-22
Let d(k) = -k**2 - 7*k - 1. Give d(-5).
9
Let i(y) = -517*y - 3617. Calculate i(-7).
2
Let w(q) = 2*q**2 + 3*q + 4. Calculate w(-3).
13
Let q(f) = f**2 - 16*f - 12. Give q(13).
-51
Let r(i) = 6*i + 106. Calculate r(-20).
-14
Let b(h) = 4*h**2 + 34*h - 17. Give b(-9).
1
Let c(h) = -h**2 + 9*h + 23. What is c(10)?
13
Let w(i) = -i**2 + 2*i - 7. Calculate w(0).
-7
Let t(n) = n**3 - 10*n**2 - 10*n. Determine t(11).
11
Let m(t) = -t**2 + 13*t + 19. Give m(14).
5
Let s(k) = k**3 - 12*k**2 - 5*k + 55. Calculate s(12).
-5
Let q(b) = -b**3 + 6*b**2 + 3*b - 4. Give q(7).
-32
Let z(f) = f**2 + 14*f + 2. Give z(-10).
-38
Let z(w) = -w - 13. Calculate z(14).
-27
Let s(w) = -w - 7. Calculate s(-10).
3
Let s(o) = 2*o**3 - o**2 - 7*o. Determine s(4).
84
Let b(n) = n**3 + 11*n**2 - 5*n + 15. What is b(-11)?
70
Let f(j) = 29*j + 102. Calculate f(-4).
-14
Let t(g) = -86*g**2. Calculate t(-1).
-86
Let h(u) = -u**3 + 6*u**2 + 8*u - 47. Calculate h(6).
1
Let k(b) = -2*b**2 - 61*b + 35. Determine k(-31).
4
Let c(l) = -l**3 + 3*l**2 - 24. Give c(0).
-24
Let m(b) = b**3 + 16*b**2 + 14*b - 5. Give m(-15).
10
Let f(s) = s**2 - 25*s - 114. Give f(-4).
2
Let s(t) = -t**3 - 9*t**2 - 19*t - 5. What is s(-6)?
1
Let r(f) = f**3 - 16*f**2 + 24*f + 65. Determine r(14).
9
Let c(o) = o**2 - 3*o - 7. Determine c(6).
11
Let g(h) = -h**2 + 2*h + 55. Calculate g(0).
55
Let y(u) = u**3 - 13*u**2 + 7. Calculate y(13).
7
Let w(d) = -d**3 + 2*d + 13. Calculate w(0).
13
Let n(o) = -10*o**3 + 3*o**2 - 2. What is n(1)?
-9
Let p(v) = -v**2 + 12*v + 3. What is p(12)?
3
Let a(u) = -2*u**2 - u. Give a(3).
-21
Let n(b) = -b**2 + 16*b - 20. Determine n(9).
43
Let h(x) = x**2 + 11*x + 5. Give h(-10).
-5
Let o(v) = v**3 - 7*v**2 + 5*v + 12. Determine o(5).
-13
Let x(u) = -u**3 + 4*u**2 - 5*u + 2. What is x(3)?
-4
Let v(u) = 4*u - 88. Determine v(17).
-20
Let c(n) = 2*n - 4. Calculate c(-6).
-16
Let n(r) = r**2 + 3*r - 1. Determine n(-6).
17
Let t(p) = -p + 9. Calculate t(7).
2
Let r(w) = -w**3 + 3*w**2 - 2*w + 2. What is r(3)?
-4
Let m(v) = -2*v - 9. Calculate m(-4).
-1
Let f(m) = m**3 + m**2 - 2. Calculate f(1).
0
Let r(v) = v**3 - 10*v**2 + 7*v - 71. Calculate r(10).
-1
Let i(d) = d**3 + 5*d**2 - 4*d + 11. Calculate i(-6).
-1
Let d(n) = -n**2 - 10*n. Give d(-7).
21
Let d(w) = -5*w - 9. Determine d(-6).
21
Let i(m) = m**3 - 3*m**2 - 2*m + 2. What is i(3)?
-4
Let p(r) = -3*r**2 + 3*r + 3. What is p(5)?
-57
Let a(b) = -3*b**3 - b**2 + 4*b. Give a(-3).
60
Let z(p) = -p**2 + 6*p + 22. Give z(-3).
-5
Let k(t) = t**3 - 8*t**2 + 4*t - 1. What is k(4)?
-49
Let q(t) = 2*t + 10. Give q(6).
22
Let f(z) = z**3 - 3*z**2 - 4*z + 7. Give f(4).
7
Let r(p) = -p**2 + 7*p. Give r(3).
12
Let d(u) = -11*u - 9. What is d(0)?
-9
Let x(n) = 5*n + 3. What is x(-1)?
-2
Let q(g) = 2*g + 17. Calculate q(-5).
7
Let a(x) = -4*x - 35. Determine a(-9).
1
Let w(p) = 2*p**2 + 23*p + 13. Give w(-11).
2
Let r(y) = -2*y**2 - 131*y - 320. Calculate r(-63).
-5
Let o(a) = -8*a - 22. Determine o(3).
-46
Let k(g) = -119*g**3 + 2*g**2 - 4*g + 2. Determine k(1).
-119
Let a(g) = -2*g**3 + 52*g**2 + 53*g + 24. Give a(27).
-3
Let f(j) = 3*j - 26. Determine f(10).
4
Let v(w) = w**3 - 11*w**2 + 5*w + 21. What is v(9)?
-96
Let l(o) = o**3 - 15*o**2 - 19*o + 36. Determine l(16).
-12
Let x(s) = s**2 + s + 7. What is x(0)?
7
Let f(i) = 34*i + 232. Calculate f(-7).
-6
Let m(r) = 3*r**3 + 4*r**2 + 10*r + 7. What is m(-1)?
-2
Let b(y) = -29*y**3 - y**2 + 2. Determine b(1).
-28
Let x(p) = -p**3 - 2*p**2 + 3*p + 6. Calculate x(0).
6
Let j(l) = -12*l. What is j(2)?
-24
Let a(n) = 19*n - 92. Calculate a(9).
79
Let l(m) = -10*m + 4. Calculate l(7).
-66
Let j(n) = -n**3 + 15*n**2 - n + 21. What is j(15)?
6
Let f(x) = -105*x - 203. Give f(-2).
7
Let k(i) = i**3 + 31*i**2 - 64*i + 78. What is k(-33)?
12
Let a(g) = g**2 + 6*g + 14. Give a(-4).
6
Let i(s) = -s**3 - 12*s**2 + s + 8. What is i(-12)?
-4
Let u(f) = f**2 + f - 7. Give u(-3).
-1
Let z(l) = l**3 + 13*l**2 + 12*l + 12. Give z(-12).
12
Let p(k) = -k**3 + 6*k - 2. Determine p(2).
2
Let f(h) = -7*h**2 - 11*h - 3. Give f(-3).
-33
Let w(x) = -2*x**3 - 8*x**2 - 12*x - 1. What is w(-3)?
17
Let l(a) = a**2 + 2*a + 11. What is l(0)?
11
Let w(s) = s**3 + 2*s**2 - 3*s + 4. Give w(-5).
-56
Let v(n) = 62*n + 100. What is v(-2)?
-24
Let h(i) = 3*i + 20. Give h(-7).
-1
Let b(r) = -r**3 + 9*r**2 + 13*r - 33. Give b(10).
-3
Let h(c) = -c**3 - 3*c**2 - 5*c - 2. Give h(-4).
34
Let o(n) = -6*n**2 + 6*n - 10. What is o(4)?
-82
Let c(r) = -48*r**3 + 2*r**2 - 1. Give c(1).
-47
Let p(u) = -12*u**2 + u. Calculate p(1).
-11
Let q(w) = -w**2 + 2*w + 22. Determine q(4).
14
Let t(n) = n**2 - 7*n - 6. Determine t(6).
-12
Let p(y) = y**2 + 15*y + 7. Calculate p(0).
7
Let n(b) = 32*b + 15. Calculate n(-4).
-113
Let z(k) = k**2 + 6*k + 6. What is z(-1)?
1
Let l(j) = j**3 + 8*j**2 - 9*j - 8. Give l(-9).
-8
Let t(n) = -n**2 - 15*n - 1. Give t(-18).
-55
Let m(o) = o**2 + 10*o + 12. Calculate m(-6).
-12
Let w(m) = m - 3. Give w(6).
3
Let o(u) = 2*u**2 + 6*u + 8. What is o(-3)?
8
Let z(i) = -i**2 - 4*i + 3. Determine z(-7).
-18
Let s(i) = i**3 + 15*i**2 + 16*i + 24. Determine s(-14).
-4
Let p(q) = -15*q - 1. Calculate p(1).
-16
Let l(w) = 24*w + 71. What is l(-3)?
-1
Let d(f) = 63*f + 3. Give d(1).
66
Let s(l) = l**3 + 8*l**2 + 10*l + 4. Give s(-7).
-17
Let b(q) = q**3 - q**2 - 4*q + 3. Calculate b(3).
9
Let t(l) = l**3 + 3*l**2 - l - 7. Calculate t(-5).
-52
Let w(v) = -5*v - 7. Determine w(12).
-67
Let d(o) = -5*o + 3. Calculate d(2).
-7
Let v(o) = -2*o**2 + 14*o - 25. Determine v(2).
-5
Let c(q) = q**2 + 21*q + 50. What is c(-16)?
-30
Let b(r) = -28*r + 9. Give b(2).
-47
Let r(u) = u + 14. What is r(0)?
14
Let r(h) = 7*h**3 - 2*h**2 - h. Give r(-1).
-8
Let g(b) = 2*b + 1. Calculate g(-9).
-17
Let m(a) = a**3 - 13*a**2 + 5*a - 3. What is m(12)?
-87
Let z(f) = 10*f - 24. What is z(3)?
6
Let q(n) = -n**3 + 3*n**2 + 8*n + 3. Calculate q(5).
-7
Let z(g) = 23*g + 13. Calculate z(-5).
-102
Let h(k) = 5*k + 27. Calculate h(-6).
-3
Let g(w) = w - 15. Give g(19).
4
Let s(u) = 6*u + 27. Calculate s(-4).
3
Let k(q) = -7*q**3 - q**2 - 2*q + 2. Determine k(1).
-8
Let u(d) = 3*d + 75. Calculate u(-26).
-3
Let j(g) = g**3 - 9*g**2 - 5*g - 6. Give j(9).
-51
Let w(p) = -3*p**2 + 9*p + 53. What is w(6)?
-1
Let z(h) = -2*h**3 - h - 7. Determine z(-2).
11
Let a(b) = b**3 - 7*b**2 + 7*b - 10. Give a(6).
-4
Let b(w) = -w**3 + 9*w. What is b(4)?
-28
Let g(z) = -z - 5. Determine g(5).
-10
Let i(k) = 9*k - 9. Give i(5).
36
Let t(j) = j**2 + 19*j - 19. What is t(-20)?
1
Let i(l) = -l**3 + 2*l**2 + 4*l - 5. Determine i(3).
-2
Let q(t) = 3*t**2 - 3*t - 1. What is q(-2)?
17
Let v(k) = k**2 + 9*k - 7. Give v(-9).
-7
Let j(i) = -i**3 + 7*i**2 + 13